{"id":19,"date":"2016-02-20T14:52:03","date_gmt":"2016-02-20T13:52:03","guid":{"rendered":"http:\/\/musikzug.feuerwehr-bad-lippspringe.de\/wordpress\/?page_id=19"},"modified":"2024-06-19T08:37:01","modified_gmt":"2024-06-19T06:37:01","slug":"chronik","status":"publish","type":"page","link":"https:\/\/musikzug.feuerwehr-bad-lippspringe.de\/?page_id=19","title":{"rendered":"Chronik"},"content":{"rendered":"<p>Ein gro\u00dfer Brand hatte am 11. April 1894 ein ganzes Stadtviertel an der katholischen Kirche in Schutt und Asche gelegt. Dies zeigte, wie n\u00f6tig f\u00fcr die Stadt eine schlagkr\u00e4ftige, stets bereitstehende Feuerwehr war, und man erwog die Gr\u00fcndung einer Freiwilligen Wehr. Am 23. Januar 1897 fand im Hotel Wegener die Gr\u00fcndungsversammlung statt.<\/p>\n<p><strong>Der Musikzug 1905 vor Gastst\u00e4tte Ehls, heute Lindenkrug<\/strong><\/p>\n<figure id=\"attachment_21\" aria-describedby=\"caption-attachment-21\" style=\"width: 500px\" class=\"wp-caption alignnone\"><img loading=\"lazy\" decoding=\"async\" class=\"wp-image-21 size-full\" src=\"https:\/\/musikzug.feuerwehr-bad-lippspringe.de\/wordpress\/wp-content\/uploads\/2016\/02\/1905.jpg\" alt=\"1905\" width=\"500\" height=\"342\" srcset=\"https:\/\/musikzug.feuerwehr-bad-lippspringe.de\/wordpress\/wp-content\/uploads\/2016\/02\/1905.jpg 500w, https:\/\/musikzug.feuerwehr-bad-lippspringe.de\/wordpress\/wp-content\/uploads\/2016\/02\/1905-300x205.jpg 300w\" sizes=\"auto, (max-width: 500px) 100vw, 500px\" \/><figcaption id=\"caption-attachment-21\" class=\"wp-caption-text\">Der Musikzug 1905 vor der Gastst\u00e4tte Ehls, heute Lindenkrug<\/figcaption><\/figure>\n<p>&nbsp;<\/p>\n<p>Schon in dieser Zeit hatte man daran gedacht, eine Kapelle aufzustellen, zur Pflege der Kameradschaft bei gem\u00fctlichem Beisammensein. Eine Sammlung unter den Mitgliedern der jungen Wehr erbrachte schon am Gr\u00fcndungstag den f\u00fcr die damalige Zeit ansehnlichen Betrag von 20,71 Mark, der als Grundstock f\u00fcr die aufzustellende Kapelle zur\u00fcckgelegt wurde. Es vergingen jedoch einige Jahre, ehe man die n\u00f6tige Zahl von musikverst\u00e4ndigen M\u00e4nnern (damals) zusammenfand und einen musikgeschulten Leiter. Erst 1905 wurde auf der Generalversammlung der Wehr am 22. Februar in der Gastst\u00e4tte Ehl (heute Lindenkrug) der endg\u00fcltige Beschluss gefasst, einen Musikzug ins Leben zu rufen. Die Leitung \u00fcbernahm der st\u00e4dtische Polizeisergeant Fritz Becher, der als langj\u00e4hriger Trompeter beim 1. Westf\u00e4lischen Husaren-Regiment Nr. 8 in Paderborn-Neuhaus wohl geeignet erschien, die junge Kapelle gegen eine Entsch\u00e4digung von 6 RM pro Abend auszubilden. Ihm verdankte sie eine gute musikalische Grundlage.<\/p>\n<p>Die M\u00e4nner standen bereits ein Jahr sp\u00e4ter beim Feuerwehrverbandsfest 1906 in Paderborn in der weiteren \u00d6ffentlichkeit.<\/p>\n<p>1909 gelang es, Hermann H\u00fcter, damals Mitglied der Kurkapelle, als Dirigent zu gewinnen. Ein erster H\u00f6hepunkt mit ihm war, als die Wehr am 10. August 1911 ihre erste fahrbare 12 Meter-Leiter bekam. Diese wurde mit Musik feierlich von der Bahn mit einem Umzug durch die Stadt zum Feuerwehrhaus gebracht.<\/p>\n<p>Nach \u00fcber 43 Jahren Amtszeit starb Hermann H\u00fcter am 11. Januar 1953. Weitere Dirigenten waren: Otto Schr\u00f6der, Karl \u00d6rleke, Kurt Vopel, Kurt M\u00f6ller, Karl-Heinz Uhlmann, Detlef Andres, Michaela Schliederer, Reinhard Hoffmann, Norbert Hesse , Markus Nettelbeck und Sabine Bunte. Jede\/r einzelne von ihnen hat den Musikzug auf seine Art gepr\u00e4gt und weitergebracht.<\/p>\n<p>Seit 2024 hat Hendrik Tasche die musikalische Leitung.&nbsp;<\/p>\n","protected":false},"excerpt":{"rendered":"<p>Ein gro\u00dfer Brand hatte am 11. April 1894 ein ganzes Stadtviertel an der katholischen Kirche in Schutt und Asche gelegt. Dies zeigte, wie n\u00f6tig f\u00fcr die Stadt eine schlagkr\u00e4ftige, stets bereitstehende Feuerwehr war, und man erwog die Gr\u00fcndung einer Freiwilligen<\/p>\n","protected":false},"author":1,"featured_media":0,"parent":0,"menu_order":0,"comment_status":"closed","ping_status":"closed","template":"","meta":{"ngg_post_thumbnail":0,"footnotes":""},"class_list":["post-19","page","type-page","status-publish","hentry"],"_links":{"self":[{"href":"https:\/\/musikzug.feuerwehr-bad-lippspringe.de\/index.php?rest_route=\/wp\/v2\/pages\/19","targetHints":{"allow":["GET"]}}],"collection":[{"href":"https:\/\/musikzug.feuerwehr-bad-lippspringe.de\/index.php?rest_route=\/wp\/v2\/pages"}],"about":[{"href":"https:\/\/musikzug.feuerwehr-bad-lippspringe.de\/index.php?rest_route=\/wp\/v2\/types\/page"}],"author":[{"embeddable":true,"href":"https:\/\/musikzug.feuerwehr-bad-lippspringe.de\/index.php?rest_route=\/wp\/v2\/users\/1"}],"replies":[{"embeddable":true,"href":"https:\/\/musikzug.feuerwehr-bad-lippspringe.de\/index.php?rest_route=%2Fwp%2Fv2%2Fcomments&post=19"}],"version-history":[{"count":5,"href":"https:\/\/musikzug.feuerwehr-bad-lippspringe.de\/index.php?rest_route=\/wp\/v2\/pages\/19\/revisions"}],"predecessor-version":[{"id":1083,"href":"https:\/\/musikzug.feuerwehr-bad-lippspringe.de\/index.php?rest_route=\/wp\/v2\/pages\/19\/revisions\/1083"}],"wp:attachment":[{"href":"https:\/\/musikzug.feuerwehr-bad-lippspringe.de\/index.php?rest_route=%2Fwp%2Fv2%2Fmedia&parent=19"}],"curies":[{"name":"wp","href":"https:\/\/api.w.org\/{rel}","templated":true}]}}